ided by g?
15
Let n = -1 + 3. What is the remainder when 15 is divided by n/12 + 188/24?
7
Suppose 2*r + 5*z = 385, -283 = -2*r - z + 98. Suppose -5*s + w + 320 = 0, 0*s + r = 3*s - w. Let p = s - 24. What is the remainder when p is divided by 14?
13
Let o(z) = -z**3 - 16*z**2 + 9*z + 2. What is the remainder when o(-17) is divided by 28?
26
What is the remainder when 60 is divided by 24/(-108) + 191/9?
18
Let c(a) = 93*a**2 - 7*a + 6. Calculate the remainder when c(1) is divided by 26.
14
Suppose -3*d + 70 = 2*d. Calculate the remainder when d is divided by 8.
6
Let m(q) = -3*q**3 - q + 2. Calculate the remainder when 53 is divided by m(-2).
25
Let z(r) be the first derivative of -r**4/4 + 7*r**3/3 + 2*r**2 - 5*r - 10. Let s be (7/(-3))/((-2)/6). Calculate the remainder when z(s) is divided by 12.
11
Let m be 23/7 - 8/28. Let l = 0 + m. Calculate the remainder when 4 is divided by l.
1
Let o(t) = t**2 + 9*t + 2. Let f(v) = -5*v**2 - 36*v - 8. Let l(p) = 2*f(p) + 9*o(p). Calculate the remainder when 28 is divided by l(8).
8
Let t = -4 - -23. Let m(w) = -w**2 + 4*w + 5. Let l(f) = f**2 - 3*f - 5. Let k(v) = -3*l(v) - 4*m(v). What is the remainder when k(12) is divided by t?
17
Let j be -73 - (-2 + 0 + 4). Calculate the remainder when 26 is divided by (-6)/(-8) + j/(-12).
5
Let h be 1/(-5) + (-4716)/(-30). Suppose -109 = -3*o - y - 10, 5*o = y + h. What is the remainder when 94 is divided by o?
30
Suppose 16 = 2*y - 0. Let t = 3 - -2. Calculate the remainder when y is divided by t.
3
Let u = -128 + 148. Calculate the remainder when 159 is divided by u.
19
Suppose 4*h - 5*o = 113, 4*o + 40 + 2 = h. Let t be (-1)/(-2 - (-135)/69). Let b = t - 11. Calculate the remainder when h is divided by b.
10
Suppose 4*b + b = 0. Let u = 4 - b. What is the remainder when 7 is divided by u?
3
Suppose -6*a - 20 = -a, -2*p = -3*a - 58. Suppose -4 = -3*t + 14. Calculate the remainder when p is divided by t.
5
Suppose 2*w - 24 = 252. Calculate the remainder when w is divided by 35.
33
Let y = -2 - -7. Let g(k) = 3*k**2 - k + 3. Let h(r) = -5*r**2 + 2*r - 7. Let x(v) = 7*g(v) + 4*h(v). Calculate the remainder when x(y) is divided by 12.
11
Let j = -4 - -8. Suppose -38 = -3*h + 3*b - 2*b, -42 = -2*h + j*b. What is the remainder when 30 is divided by h?
8
Suppose -2*n + 67 = 2*g - 169, -4*g + 463 = -5*n. What is the remainder when g is divided by 30?
27
Let t = 74 + -17. Calculate the remainder when t is divided by 15.
12
Calculate the remainder when 53 is divided by 10/(-15) - 23/(-3).
4
Let v = -6 + 30. Suppose u - 6 = -p - p, u + v = 4*p. What is the remainder when p is divided by 2?
1
Suppose 0 = 3*u - 5*u + 26. What is the remainder when u is divided by 3?
1
Let r = 11 + 1. Let h = 1 + r. Calculate the remainder when 37 is divided by h.
11
Suppose 21 = -3*f + 6. Let n = 21 + f. Let b(u) = -u**3 - 6*u**2 - 6*u + 4. Calculate the remainder when n is divided by b(-5).
7
Let i = 24 + -14. What is the remainder when (i/15)/(4/258) is divided by 11?
10
Let v = 15 + -12. Suppose 5*w = -5*q, -3*w + 0 + 6 = 5*q. Calculate the remainder when v is divided by q.
0
Let d(h) = -h**3 + 5*h**2 - 3*h + 10. Calculate the remainder when 223 is divided by d(4).
13
Let x(u) = u**3 - 3*u**2 - 3*u + 1. Let d(r) = 2*r**2 + 0*r**2 + 3 - 5*r - 2. What is the remainder when d(4) is divided by x(4)?
3
Suppose s = -4*g - s - 18, 3*s + 17 = -g. Let z(l) = l**3 + 2*l**2 + 1. Let w be z(g). What is the remainder when 37 is divided by 13/2*2/w?
11
Let g be 16/4*(-13)/(-4). Suppose o = -1 + g. What is the remainder when o is divided by (0 + -2)*7/(-2)?
5
Let c = 23 - 13. Calculate the remainder when 37 is divided by c.
7
Let s = 183 - 121. Suppose 0*u - 3*y - 50 = -5*u, 4*u - s = -2*y. What is the remainder when u is divided by 7?
6
Let o(n) be the third derivative of n**4/24 + 5*n**3/2 + 2*n**2. Let p = -3 + 3. What is the remainder when 28 is divided by o(p)?
13
Suppose -l + 177 = 5*j - 4*l, 2*j - 4*l = 68. What is the remainder when j is divided by 13?
10
Suppose 12 = 4*h - 4*x, 3*h + 0*x - 5*x = 7. Let v(d) = -d**2 + 6*d + 3. Calculate the remainder when 92/3 + (-2)/3 is divided by v(h).
8
Let h be ((-3)/(-9))/((-4)/(-24)). Suppose -5*k + 5 = h*z, 0 = 3*z - k - 43 + 10. Calculate the remainder when z is divided by 6.
4
Let n be (2 - 5)/(-1)*-1. Let i(l) = 8*l - 3. Let h(o) = -9*o + 4. Let c(s) = -2*h(s) - 3*i(s). What is the remainder when c(n) is divided by 7?
5
Suppose -d + 6*d = 50. What is the remainder when 17 is divided by d?
7
Let y = 36 + -51. Calculate the remainder when 5 is divided by y/(-10)*1*2.
2
Let h(u) = 6*u**3 + u**2 + u - 1. Calculate the remainder when h(2) is divided by 18.
17
Let r = 165 - 23. Calculate the remainder when r is divided by 24.
22
Let d be -3*(6/9 - 1). What is the remainder when 1 + (-1 - d) - -62 is divided by 31?
30
Suppose 4*r = 4*j - 24, -4*j = 2*r + 2*r - 40. What is the remainder when j is divided by 3?
2
Let o be (-2 + -4)*1/(-2). Let h = o - -14. What is the remainder when h is divided by 9?
8
Let i be 78/(6/4 + -1). Suppose -5*m - 7 = -32. Suppose 2*k = m*k - i. What is the remainder when k is divided by 18?
16
Suppose 0 = 4*g + 3 - 19. Suppose 5*w = g*q - 71, -4*q = -2*q + 3*w - 19. Calculate the remainder when 41 is divided by q.
13
Let r = 151 + -74. What is the remainder when r is divided by 39?
38
Let q(d) = -d**2 + 5*d + 6. Let k be q(6). Let t(y) = -y**3 + y**2 + 46. Calculate the remainder when t(k) is divided by 110/7 - (-4)/14.
14
Suppose s + 3*w = 16, 4*w - 78 = -3*s + w. What is the remainder when s is divided by (-38)/(-2) + 0 + -2?
14
Let z(b) = -b**3 - b**2 + 5*b + 2. What is the remainder when z(-3) is divided by 4?
1
Let k(y) = y**2 - 3*y. Let a(x) = -x + 1. Let c(f) = -2*a(f) + 2*k(f). Calculate the remainder when 53 is divided by c(4).
11
Suppose 4*k - 162 = -5*h, 0 = 3*k - 2*h + 5*h - 120. Calculate the remainder when k is divided by 14.
10
Let l(t) = -2*t**3 - 3*t**2 - 4*t - 3. Let r be l(-2). Let w be 4/6 + 201/r. Let g = w - 14. What is the remainder when 25 is divided by g?
7
Let v be 7 + -1 + (-2 - 0). Suppose -2*d - 3 - 3 = b, 4*b + v*d = -12. Suppose 4*g + b = 28. What is the remainder when g is divided by 3?
1
Let g(f) = -f**2 - 7. Let m be (2 - 4) + 2*1. Let x be g(m). Let v = x + 13. Calculate the remainder when 11 is divided by v.
5
Let c = -24 - -87. Suppose -c = -4*a - 15. Calculate the remainder when 22 is divided by a.
10
Let b = 131 + -99. Calculate the remainder when 89 is divided by b.
25
Let z = -18 + 32. Suppose 15 + 5 = 5*m - 5*n, 8 = -2*n. Suppose -t + m*t = s - z, 4*s - 59 = -3*t. Calculate the remainder when 48 is divided by s.
14
Suppose 5*s - 82 + 22 = 0. Calculate the remainder when (-1 - 93/9)*-3 is divided by s.
10
Let l = 66 - 61. Let j(i) = -4 - i + 9*i - 2. What is the remainder when j(l) is divided by 12?
10
Suppose 0 = 3*d + 4*x - x, 0 = d + 4*x + 6. Suppose p = 12 + d. What is the remainder when 38 is divided by p?
10
Let y = 15 - 0. Let l = y + -2. What is the remainder when 23 is divided by l?
10
Suppose -35*y = -42*y + 140. What is the remainder when 138 is divided by y?
18
Let w(h) = 3*h**2 + 6*h - 2*h**2 + 5 + h. Calculate the remainder when 24 is divided by w(-8).
11
What is the remainder when ((-70)/20)/(1/(-6)) is divided by 6?
3
Let f = 37 - 18. What is the remainder when 55 is divided by f?
17
Let z(q) be the first derivative of 2*q**3/3 + 3*q**2/2 - 3*q + 6. What is the remainder when z(-4) is divided by 6?
5
Let b be (-776)/(-6) - (-4)/6. Suppose -4*p = -0*p - 2*k - b, -5*p + k = -158. Calculate the remainder when p is divided by 8.
7
Let j = 51 + -29. What is the remainder when j is divided by 11 + 3*(-3)/(-9)?
10
Suppose -3*x = 15, 3*c = -5*x + 30 + 38. What is the remainder when c is divided by 8?
7
Let x = -18 + 23. Calculate the remainder when 7 is divided by x.
2
Suppose -w = -3 + 14. Let z = 1 + -6. Let p = z - w. What is the remainder when 11 is divided by p?
5
Suppose 4*q - 60 = -q. What is the remainder when 35 is divided by q?
11
Let g = 52 + -38. Calculate the remainder when 54 is divided by g.
12
Let v = -4 - -9. Suppose 0 = 5*n, -3*n - 8 = -m + 1. What is the remainder when m is divided by v?
4
Let z(h) = 2*h - 5. Let y(f) = 2*f - 6. Let l(u) = 3*y(u) - 4*z(u). L